{"id":95,"date":"2019-10-08T12:09:24","date_gmt":"2019-10-08T12:09:24","guid":{"rendered":"http:\/\/lebendiges-oftersheim.de\/?page_id=95"},"modified":"2021-10-05T07:58:49","modified_gmt":"2021-10-05T07:58:49","slug":"neu","status":"publish","type":"page","link":"http:\/\/lebendiges-oftersheim.de\/?page_id=95","title":{"rendered":""},"content":{"rendered":"\t\t<div data-elementor-type=\"wp-page\" data-elementor-id=\"95\" class=\"elementor elementor-95\" data-elementor-settings=\"[]\">\n\t\t\t\t\t\t<div class=\"elementor-inner\">\n\t\t\t\t\t\t\t<div class=\"elementor-section-wrap\">\n\t\t\t\t\t\t\t<section class=\"elementor-section elementor-top-section elementor-element elementor-element-801da73 elementor-section-boxed elementor-section-height-default elementor-section-height-default\" data-id=\"801da73\" data-element_type=\"section\">\n\t\t\t\t\t\t<div class=\"elementor-container elementor-column-gap-default\">\n\t\t\t\t\t\t\t<div class=\"elementor-row\">\n\t\t\t\t\t<div class=\"elementor-column elementor-col-100 elementor-top-column elementor-element elementor-element-db58fb2\" data-id=\"db58fb2\" data-element_type=\"column\">\n\t\t\t<div class=\"elementor-column-wrap elementor-element-populated\">\n\t\t\t\t\t\t\t<div class=\"elementor-widget-wrap\">\n\t\t\t\t\t\t<div class=\"elementor-element elementor-element-36433b7 elementor-widget elementor-widget-wb-post-slider\" data-id=\"36433b7\" data-element_type=\"widget\" data-widget_type=\"wb-post-slider.default\">\n\t\t\t\t<div class=\"elementor-widget-container\">\n\t\t\t<div\r\n\t        \t\tclass=\"wbel_post_slider_wrapper wbel_post_slider_default\"\r\n\t        \t\tid=\"wbel_post_slider_wb_post_slider36433b7\"\r\n\t        \t\tdata-slide-to-show=\"3\"\r\n\t        \t\tdata-slides-to-scroll=\"3\"\r\n\t        \t><div class=\"wb_ps_item\">\r\n\t<div class=\"wb_ps_single_item\">\r\n\t\t\t\t\t<div class=\"wb_ps_thumbnail\">\r\n\t\t\t\t<a href=\"http:\/\/lebendiges-oftersheim.de\/?p=690\">\r\n\t\t\t\t\t\t\t\t\t<\/a>\r\n\t\t\t<\/div>\r\n\t\t\t\t<div class=\"wb_ps_content\">\r\n\r\n\t\t\t<div class=\"wb_ps_title\">\r\n\t\t\t\t<h2 ><a href=\"http:\/\/lebendiges-oftersheim.de\/?p=690\">Lospreisliste 2022<\/a><\/h2>\r\n\t\t\t<\/div>\r\n\r\n\t\t\t<div class=\"wb_ps_description\">\r\n\r\n\t\t\t\t<div class=\"wb_ps_text\"><p>Am Freitag, den 23. April 2022&nbsp;erfolgte die Ziehung der Losnummern der Osteraktion vom Verein Lebendiges Oftersheim \u2013 Gemeinschaft f\u00fcr Handel, Handwerk &amp; Dienstleistung e.V. Die Ziehung fand digital statt. Die Gewinne k\u00f6nnen bis sp\u00e4testens 24. Juni 2022&nbsp;gegen Vorlage des Original-Oftershasi&hellip;<\/p>\n<\/div>\r\n\r\n\t\t\t\t\t\t\t<div class=\"wb_ps_readmore\">\r\n\t\t\t\t\t<a class=\"wb_ps_readmore_link\" href=\"http:\/\/lebendiges-oftersheim.de\/?p=690\">Mehr<\/a>\r\n\t\t\t\t<\/div>\r\n\t\t\t\r\n\t\t\t<\/div>\r\n\t\t\r\n\t\t<\/div>\r\n\t<\/div>\r\n<\/div><div class=\"wb_ps_item\">\r\n\t<div class=\"wb_ps_single_item\">\r\n\t\t\t\t\t<div class=\"wb_ps_thumbnail\">\r\n\t\t\t\t<a href=\"http:\/\/lebendiges-oftersheim.de\/?p=603\">\r\n\t\t\t\t\t\t\t\t\t<\/a>\r\n\t\t\t<\/div>\r\n\t\t\t\t<div class=\"wb_ps_content\">\r\n\r\n\t\t\t<div class=\"wb_ps_title\">\r\n\t\t\t\t<h2 ><a href=\"http:\/\/lebendiges-oftersheim.de\/?p=603\">Oftersheimer Hof-Flohmarktladen<\/a><\/h2>\r\n\t\t\t<\/div>\r\n\r\n\t\t\t<div class=\"wb_ps_description\">\r\n\r\n\t\t\t\t<div class=\"wb_ps_text\"><p>Am 23. Oktober 2021 geht ganz Oftersheim auf die Stra\u00dfe \u2013 ganz Oftersheim?Aber sicher, wenn alle beim 1. Oftersheimer Hof-Flohmarkt mitmachen!Die Gewerbetreibenden von \u201eLebendiges Oftersheim e.V.\u201c laden alle Oftersheimer am Samstag, den 23. Oktober 2021 zum 1. Oftersheimer Hof-Flohmarkt ein!Jeder&hellip;<\/p>\n<\/div>\r\n\r\n\t\t\t\t\t\t\t<div class=\"wb_ps_readmore\">\r\n\t\t\t\t\t<a class=\"wb_ps_readmore_link\" href=\"http:\/\/lebendiges-oftersheim.de\/?p=603\">Mehr<\/a>\r\n\t\t\t\t<\/div>\r\n\t\t\t\r\n\t\t\t<\/div>\r\n\t\t\r\n\t\t<\/div>\r\n\t<\/div>\r\n<\/div><div class=\"wb_ps_item\">\r\n\t<div class=\"wb_ps_single_item\">\r\n\t\t\t\t\t<div class=\"wb_ps_thumbnail\">\r\n\t\t\t\t<a href=\"http:\/\/lebendiges-oftersheim.de\/?p=472\">\r\n\t\t\t\t\t\t\t\t\t<\/a>\r\n\t\t\t<\/div>\r\n\t\t\t\t<div class=\"wb_ps_content\">\r\n\r\n\t\t\t<div class=\"wb_ps_title\">\r\n\t\t\t\t<h2 ><a href=\"http:\/\/lebendiges-oftersheim.de\/?p=472\">Ver\u00f6ffentlichung der Gewinn-Nummern<\/a><\/h2>\r\n\t\t\t<\/div>\r\n\r\n\t\t\t<div class=\"wb_ps_description\">\r\n\r\n\t\t\t\t<div class=\"wb_ps_text\"><p>Am Mittwoch, den 7. April 2021 erfolgte die Ziehung der Losnummern der Osteraktion vom Verein Lebendiges Oftersheim \u2013 Gemeinschaft f\u00fcr Handel, Handwerk &amp; Dienstleistung e.V. Die Ziehung fand in den R\u00e4umen von s-quadrat konzepte in Oftersheim statt. Die Rolle der&hellip;<\/p>\n<\/div>\r\n\r\n\t\t\t\t\t\t\t<div class=\"wb_ps_readmore\">\r\n\t\t\t\t\t<a class=\"wb_ps_readmore_link\" href=\"http:\/\/lebendiges-oftersheim.de\/?p=472\">Mehr<\/a>\r\n\t\t\t\t<\/div>\r\n\t\t\t\r\n\t\t\t<\/div>\r\n\t\t\r\n\t\t<\/div>\r\n\t<\/div>\r\n<\/div><div class=\"wb_ps_item\">\r\n\t<div class=\"wb_ps_single_item\">\r\n\t\t\t\t\t<div class=\"wb_ps_thumbnail\">\r\n\t\t\t\t<a href=\"http:\/\/lebendiges-oftersheim.de\/?p=451\">\r\n\t\t\t\t\t\t\t\t\t<\/a>\r\n\t\t\t<\/div>\r\n\t\t\t\t<div class=\"wb_ps_content\">\r\n\r\n\t\t\t<div class=\"wb_ps_title\">\r\n\t\t\t\t<h2 ><a href=\"http:\/\/lebendiges-oftersheim.de\/?p=451\">Osterverlosung 2021<\/a><\/h2>\r\n\t\t\t<\/div>\r\n\r\n\t\t\t<div class=\"wb_ps_description\">\r\n\r\n\t\t\t\t<div class=\"wb_ps_text\"><p>Unser Verein Lebendiges Oftersheim \u2013 Gemeinschaft f\u00fcr Handel, Handwerk &amp; Dienstleistung e.V. veranstaltet f\u00fcr das diesj\u00e4hrige Osterfest eine gro\u00dfe Verlosung mit vielf\u00e4ltigen Preisen. Die Funktion der sonst \u00fcblichen Lose \u00fcbernehmen unsere kleinen Oftershasis aus naturbelassenem Holz. Diese sind durchgehend mit&hellip;<\/p>\n<\/div>\r\n\r\n\t\t\t\t\t\t\t<div class=\"wb_ps_readmore\">\r\n\t\t\t\t\t<a class=\"wb_ps_readmore_link\" href=\"http:\/\/lebendiges-oftersheim.de\/?p=451\">Mehr<\/a>\r\n\t\t\t\t<\/div>\r\n\t\t\t\r\n\t\t\t<\/div>\r\n\t\t\r\n\t\t<\/div>\r\n\t<\/div>\r\n<\/div><div class=\"wb_ps_item\">\r\n\t<div class=\"wb_ps_single_item\">\r\n\t\t\t\t\t<div class=\"wb_ps_thumbnail\">\r\n\t\t\t\t<a href=\"http:\/\/lebendiges-oftersheim.de\/?p=441\">\r\n\t\t\t\t\t\t\t\t\t<\/a>\r\n\t\t\t<\/div>\r\n\t\t\t\t<div class=\"wb_ps_content\">\r\n\r\n\t\t\t<div class=\"wb_ps_title\">\r\n\t\t\t\t<h2 ><a href=\"http:\/\/lebendiges-oftersheim.de\/?p=441\">Lebendiges Oftersheim<\/a><\/h2>\r\n\t\t\t<\/div>\r\n\r\n\t\t\t<div class=\"wb_ps_description\">\r\n\r\n\t\t\t\t<div class=\"wb_ps_text\"><p>Mit Unterst\u00fctzung der Gemeinde Oftersheim geht im November an alle Gewerbetreibenden, Handwerker und Dienstleister ein Anschreiben heraus, um uns vorzustellen und um neue Mitglieder zu werben. Deshalb w\u00fcrden wir uns w\u00fcnschen, nehmen Sie sich kurz Zeit, um unsere Arbeit kennen&hellip;<\/p>\n<\/div>\r\n\r\n\t\t\t\t\t\t\t<div class=\"wb_ps_readmore\">\r\n\t\t\t\t\t<a class=\"wb_ps_readmore_link\" href=\"http:\/\/lebendiges-oftersheim.de\/?p=441\">Mehr<\/a>\r\n\t\t\t\t<\/div>\r\n\t\t\t\r\n\t\t\t<\/div>\r\n\t\t\r\n\t\t<\/div>\r\n\t<\/div>\r\n<\/div><div class=\"wb_ps_item\">\r\n\t<div class=\"wb_ps_single_item\">\r\n\t\t\t\t\t<div class=\"wb_ps_thumbnail\">\r\n\t\t\t\t<a href=\"http:\/\/lebendiges-oftersheim.de\/?p=12\">\r\n\t\t\t\t\t\t\t\t\t<\/a>\r\n\t\t\t<\/div>\r\n\t\t\t\t<div class=\"wb_ps_content\">\r\n\r\n\t\t\t<div class=\"wb_ps_title\">\r\n\t\t\t\t<h2 ><a href=\"http:\/\/lebendiges-oftersheim.de\/?p=12\">Einladung zur Gr\u00fcndungsversammlung<\/a><\/h2>\r\n\t\t\t<\/div>\r\n\r\n\t\t\t<div class=\"wb_ps_description\">\r\n\r\n\t\t\t\t<div class=\"wb_ps_text\"><p>Wir freuen uns Sie zur Gr\u00fcndungsversammlung des Unternehmervereins \u201eLebendiges Oftersheim\u201c einladen zu d\u00fcrfen.&nbsp; Wir treffen uns am Mittwoch, 10.04.2019 um 19:30 Uhr im Restaurant Artemis.<\/p>\n<\/div>\r\n\r\n\t\t\t\t\t\t\t<div class=\"wb_ps_readmore\">\r\n\t\t\t\t\t<a class=\"wb_ps_readmore_link\" href=\"http:\/\/lebendiges-oftersheim.de\/?p=12\">Mehr<\/a>\r\n\t\t\t\t<\/div>\r\n\t\t\t\r\n\t\t\t<\/div>\r\n\t\t\r\n\t\t<\/div>\r\n\t<\/div>\r\n<\/div><\/div>\t\t\t\t<div class=\"wbel-arrow wb-arrow-prev\">\r\n\t\t\t\t\t<i class=\"fa fa-angle-left\"><\/i>\r\n\t\t\t\t<\/div>\r\n\t\t\t\t<div class=\"wbel-arrow wb-arrow-next\">\r\n\t\t\t\t\t<i class=\"fa fa-angle-right\"><\/i>\r\n\t\t\t\t<\/div>\r\n\t\t\t\t\t<\/div>\n\t\t\t\t<\/div>\n\t\t\t\t\t\t<\/div>\n\t\t\t\t\t<\/div>\n\t\t<\/div>\n\t\t\t\t\t\t\t\t<\/div>\n\t\t\t\t\t<\/div>\n\t\t<\/section>\n\t\t\t\t\t\t<\/div>\n\t\t\t\t\t\t<\/div>\n\t\t\t\t\t<\/div>\n\t\t","protected":false},"excerpt":{"rendered":"<p>Oftersheimer Hof-Flohmarktladen Am 23. Oktober 2021 geht ganz Oftersheim auf die Stra\u00dfe \u2013 ganz Oftersheim?Aber sicher, wenn alle beim 1. Oftersheimer Hof-Flohmarkt mitmachen!Die Gewerbetreibenden von \u201eLebendiges Oftersheim e.V.\u201c laden alle Oftersheimer am Samstag, den 23. Oktober 2021 zum 1. Oftersheimer Hof-Flohmarkt ein!Jeder&hellip; Mehr Ver\u00f6ffentlichung der Gewinn-Nummern Am Mittwoch, den 7. April 2021 erfolgte die Ziehung [&hellip;]<\/p>\n","protected":false},"author":2,"featured_media":0,"parent":0,"menu_order":0,"comment_status":"closed","ping_status":"closed","template":"","meta":[],"_links":{"self":[{"href":"http:\/\/lebendiges-oftersheim.de\/index.php?rest_route=\/wp\/v2\/pages\/95"}],"collection":[{"href":"http:\/\/lebendiges-oftersheim.de\/index.php?rest_route=\/wp\/v2\/pages"}],"about":[{"href":"http:\/\/lebendiges-oftersheim.de\/index.php?rest_route=\/wp\/v2\/types\/page"}],"author":[{"embeddable":true,"href":"http:\/\/lebendiges-oftersheim.de\/index.php?rest_route=\/wp\/v2\/users\/2"}],"replies":[{"embeddable":true,"href":"http:\/\/lebendiges-oftersheim.de\/index.php?rest_route=%2Fwp%2Fv2%2Fcomments&post=95"}],"version-history":[{"count":22,"href":"http:\/\/lebendiges-oftersheim.de\/index.php?rest_route=\/wp\/v2\/pages\/95\/revisions"}],"predecessor-version":[{"id":616,"href":"http:\/\/lebendiges-oftersheim.de\/index.php?rest_route=\/wp\/v2\/pages\/95\/revisions\/616"}],"wp:attachment":[{"href":"http:\/\/lebendiges-oftersheim.de\/index.php?rest_route=%2Fwp%2Fv2%2Fmedia&parent=95"}],"curies":[{"name":"wp","href":"https:\/\/api.w.org\/{rel}","templated":true}]}}