{"id":9,"date":"2019-03-10T10:50:23","date_gmt":"2019-03-10T10:50:23","guid":{"rendered":"http:\/\/lebendiges-oftersheim.de\/?page_id=9"},"modified":"2022-04-25T11:31:54","modified_gmt":"2022-04-25T11:31:54","slug":"impressum","status":"publish","type":"page","link":"http:\/\/lebendiges-oftersheim.de\/?page_id=9","title":{"rendered":"Impressum"},"content":{"rendered":"\n<p><strong>Lebendiges Oftersheim<br>Gemeinschaft f\u00fcr Handel, Handwerk und Dienstleistung e.V.<\/strong><br> <br><strong>1. Vorstand:<\/strong><br>Simon Stelgens<br>Karl-Jaspers-Stra\u00dfe 23<br>D-68723 Oftersheim<br>E-Mail: simon.stelgens@lebendiges-oftersheim.de<\/p>\n\n\n\n<p><strong>2. Vorstand:<\/strong><br>Kerstin Schnabel<br>Mannheimer Stra\u00dfe 70<br>D-68723 Oftersheim<br>E-Mail: kerstin.schnabel@lebendiges-oftersheim.de <br><\/p>\n\n\n\n<p><strong>Angabe des Vereinsregisters:<\/strong><br>Amtsgericht Schwetzingen<br><br><strong>Vereinsregisternummer:<\/strong><br><\/p>\n\n\n\n<p><br><br> <\/p>\n","protected":false},"excerpt":{"rendered":"<p>Lebendiges OftersheimGemeinschaft f\u00fcr Handel, Handwerk und Dienstleistung e.V. 1. Vorstand:Simon StelgensKarl-Jaspers-Stra\u00dfe 23D-68723 OftersheimE-Mail: simon.stelgens@lebendiges-oftersheim.de 2. Vorstand:Kerstin SchnabelMannheimer Stra\u00dfe 70D-68723 OftersheimE-Mail: kerstin.schnabel@lebendiges-oftersheim.de Angabe des Vereinsregisters:Amtsgericht Schwetzingen Vereinsregisternummer:<\/p>\n","protected":false},"author":1,"featured_media":0,"parent":0,"menu_order":0,"comment_status":"closed","ping_status":"closed","template":"","meta":[],"_links":{"self":[{"href":"http:\/\/lebendiges-oftersheim.de\/index.php?rest_route=\/wp\/v2\/pages\/9"}],"collection":[{"href":"http:\/\/lebendiges-oftersheim.de\/index.php?rest_route=\/wp\/v2\/pages"}],"about":[{"href":"http:\/\/lebendiges-oftersheim.de\/index.php?rest_route=\/wp\/v2\/types\/page"}],"author":[{"embeddable":true,"href":"http:\/\/lebendiges-oftersheim.de\/index.php?rest_route=\/wp\/v2\/users\/1"}],"replies":[{"embeddable":true,"href":"http:\/\/lebendiges-oftersheim.de\/index.php?rest_route=%2Fwp%2Fv2%2Fcomments&post=9"}],"version-history":[{"count":5,"href":"http:\/\/lebendiges-oftersheim.de\/index.php?rest_route=\/wp\/v2\/pages\/9\/revisions"}],"predecessor-version":[{"id":704,"href":"http:\/\/lebendiges-oftersheim.de\/index.php?rest_route=\/wp\/v2\/pages\/9\/revisions\/704"}],"wp:attachment":[{"href":"http:\/\/lebendiges-oftersheim.de\/index.php?rest_route=%2Fwp%2Fv2%2Fmedia&parent=9"}],"curies":[{"name":"wp","href":"https:\/\/api.w.org\/{rel}","templated":true}]}}

<p><strong>Lebendiges Oftersheim<br>Gemeinschaft für Handel, Handwerk und Dienstleistung e.V.</strong><br> <br><strong>1. Vorstand:</strong><br>Simon Stelgens<br>Karl-Jaspers-Straße 23<br>D-68723 Oftersheim<br>E-Mail: simon.stelgens@lebendiges-oftersheim.de</p>



<p><strong>2. Vorstand:</strong><br>Kerstin Schnabel<br>Mannheimer Straße 70<br>D-68723 Oftersheim<br>E-Mail: kerstin.schnabel@lebendiges-oftersheim.de <br></p>



<p><strong>Angabe des Vereinsregisters:</strong><br>Amtsgericht Schwetzingen<br><br><strong>Vereinsregisternummer:</strong><br></p>



<p><br><br> </p>

<p>Lebendiges OftersheimGemeinschaft für Handel, Handwerk und Dienstleistung e.V. 1. Vorstand:Simon StelgensKarl-Jaspers-Straße 23D-68723 OftersheimE-Mail: simon.stelgens@lebendiges-oftersheim.de 2. Vorstand:Kerstin SchnabelMannheimer Straße 70D-68723 OftersheimE-Mail: kerstin.schnabel@lebendiges-oftersheim.de Angabe des Vereinsregisters:Amtsgericht Schwetzingen Vereinsregisternummer:</p>
